mon factor of 128 and 5504?
128
What is the highest common divisor of 13260 and 585?
195
Calculate the highest common factor of 153 and 17.
17
Calculate the greatest common divisor of 100 and 12775.
25
What is the highest common divisor of 28 and 28?
28
What is the greatest common factor of 658 and 14?
14
Calculate the greatest common divisor of 690 and 90.
30
What is the highest common divisor of 360 and 45?
45
Calculate the highest common factor of 26170 and 20.
10
What is the highest common divisor of 6690 and 240?
30
What is the greatest common divisor of 235 and 10?
5
Calculate the greatest common divisor of 39 and 78.
39
Calculate the greatest common factor of 297 and 209.
11
Calculate the greatest common divisor of 16712 and 4.
4
Calculate the highest common divisor of 23927 and 71.
71
What is the greatest common divisor of 2223 and 9?
9
Calculate the highest common divisor of 54 and 243.
27
What is the highest common factor of 3 and 183?
3
What is the greatest common divisor of 987 and 189?
21
What is the greatest common divisor of 98 and 70?
14
What is the highest common factor of 7 and 13993?
7
What is the highest common divisor of 550 and 600?
50
Calculate the highest common factor of 7708 and 492.
164
What is the greatest common divisor of 1417 and 117?
13
Calculate the greatest common divisor of 99 and 4869.
9
What is the greatest common divisor of 8730 and 6305?
485
What is the greatest common factor of 30 and 54?
6
What is the greatest common divisor of 21 and 1542?
3
Calculate the greatest common factor of 261 and 27.
9
What is the greatest common factor of 4536 and 392?
56
Calculate the greatest common factor of 104 and 8.
8
Calculate the highest common divisor of 1 and 431.
1
Calculate the greatest common divisor of 1 and 13.
1
What is the greatest common divisor of 84 and 4578?
42
What is the highest common divisor of 12 and 348?
12
What is the highest common factor of 15568 and 28?
28
Calculate the greatest common divisor of 8 and 10.
2
Calculate the highest common factor of 1078 and 66.
22
Calculate the highest common factor of 220 and 90.
10
What is the greatest common divisor of 273 and 117?
39
What is the highest common factor of 8 and 17?
1
Calculate the highest common divisor of 3162 and 51.
51
What is the highest common divisor of 157 and 4553?
157
Calculate the greatest common factor of 4074 and 42.
42
Calculate the highest common divisor of 1209 and 93.
93
Calculate the greatest common divisor of 144 and 9.
9
Calculate the greatest common divisor of 96 and 48.
48
Calculate the greatest common factor of 364 and 104.
52
What is the highest common divisor of 752 and 48?
16
What is the highest common factor of 8 and 196?
4
Calculate the highest common divisor of 712 and 24.
8
What is the greatest common divisor of 96 and 6648?
24
Calculate the greatest common factor of 22734 and 162.
54
Calculate the highest common factor of 52 and 208.
52
What is the highest common divisor of 544 and 6?
2
What is the greatest common divisor of 793 and 13?
13
What is the greatest common factor of 2385 and 135?
45
What is the greatest common factor of 207 and 23?
23
What is the greatest common divisor of 24 and 132?
12
What is the greatest common divisor of 228 and 988?
76
Calculate the greatest common divisor of 90 and 18510.
30
What is the highest common factor of 106 and 26?
2
What is the greatest common divisor of 1339 and 4?
1
Calculate the highest common divisor of 1850 and 100.
50
Calculate the greatest common factor of 315 and 595.
35
Calculate the greatest common factor of 224 and 756.
28
Calculate the greatest common divisor of 57 and 66405.
57
Calculate the greatest common factor of 92 and 874.
46
What is the greatest common factor of 8 and 536?
8
Calculate the greatest common factor of 565 and 5.
5
What is the highest common factor of 52 and 1521?
13
Calculate the highest common factor of 826 and 1416.
118
What is the greatest common divisor of 14508 and 52?
52
What is the greatest common divisor of 550 and 20?
10
Calculate the highest common divisor of 95 and 38.
19
What is the greatest common divisor of 7448 and 882?
98
What is the highest common factor of 8 and 2008?
8
What is the highest common factor of 80 and 28?
4
What is the greatest common divisor of 23 and 61111?
23
Calculate the greatest common factor of 186 and 341.
31
Calculate the greatest common factor of 3 and 21.
3
Calculate the highest common divisor of 9 and 729.
9
What is the highest common factor of 105 and 70?
35
What is the highest common divisor of 627 and 228?
57
What is the highest common divisor of 77 and 143?
11
What is the highest common factor of 200 and 775?
25
Calculate the greatest common factor of 16 and 2048.
16
Calculate the highest common factor of 63 and 63.
63
What is the greatest common divisor of 97 and 52477?
97
What is the highest common divisor of 32 and 19120?
16
What is the greatest common divisor of 417 and 1112?
139
What is the highest common factor of 6 and 12?
6
What is the greatest common divisor of 657 and 146?
73
Calculate the greatest common factor of 68 and 8.
4
Calculate the highest common factor of 200 and 4240.
40
What is the highest common divisor of 37 and 1147?
37
What is the greatest common divisor of 2 and 29?
1
What is the highest common divisor of 2250 and 720?
90
What is the highest common factor of 3 and 48?
3
What is the highest common factor of 16 and 72?
8
What is the highest common factor of 3 and 227?
1
Calculate the greatest common factor of 96 and 864.
96
What is the highest common factor of 272 and 264?
8
Calculate the highest common factor of 2 and 542.
2
Calculate the highest common factor of 12 and 36.
12
What is the highest common divisor of 240 and 360?
120
Calculate the greatest common factor of 11 and 29.
1
Calculate the highest common factor of 18 and 3042.
18
Calculate the highest common divisor of 680 and 51.
17
What is the greatest common factor of 8303 and 69?
23
Calculate the highest common factor of 12 and 6948.
12
Calculate the highest common factor of 7 and 497.
7
What is the highest common factor of 10 and 3?
1
Calculate the highest common divisor of 836 and 44.
44
Calculate the greatest common divisor of 7568 and 2112.
176
Calculate the highest common divisor of 22 and 5610.
22
Calculate the highest common factor of 26 and 221.
13
Calculate the greatest common divisor of 14792 and 16.
8
Calculate the highest common divisor of 4 and 82.
2
What is the highest common divisor of 6 and 15024?
6
Calculate the greatest common divisor of 26 and 14339.
13
Calculate the greatest common divisor of 110 and 528.
22
Calculate the highest common divisor of 231 and 2607.
33
What is the greatest common factor of 548 and 11371?
137
What is the greatest common divisor of 30 and 1880?
10
Calculate the greatest common factor of 1058 and 184.
46
What is the greatest common factor of 1302 and 56?
14
What is the highest common divisor of 306 and 255?
51
What is the highest common factor of 37152 and 48?
48
What is the greatest common divisor of 1230 and 30?
30
Calculate the greatest common divisor of 44 and 22572.
44
Calculate the greatest common factor of 1274 and 130.
26
Calculate the greatest common factor of 312 and 444.
12
What is the highest common divisor of 475 and 171?
19
Calculate the highest common factor of 38 and 13718.
38
What is the greatest common factor of 2 and 562?
2
What is the greatest common divisor of 265 and 212?
53
What is the greatest common divisor of 4136 and 88?
88
What is the highest common divisor of 27 and 180?
9
Calculate the greatest common divisor of 49 and 1.
1
Calculate the greatest common divisor of 14675 and 25.
25
What is the greatest common divisor of 11 and 550?
11
Calculate the highest common factor of 36 and 49356.
36
Calculate the highest common divisor of 14 and 721.
7
Calculate the highest common divisor of 16 and 1.
1
Calculate the highest common factor of 32 and 1440.
32
Calculate the greatest common divisor of 84 and 8862.
42
What is the greatest common divisor of 1258 and 74?
74
What is the greatest common factor of 6191 and 164?
41
What is the highest common factor of 1512 and 112?
56
Calculate the highest common divisor of 204 and 2397.
51
Calculate 